3, 5
Suppose -2*d + 33 = -67. What are the prime factors of d?
2, 5
Let p(m) be the second derivative of m**3 + 1/12*m**4 + 0 + 7/2*m**2 + m. What are the prime factors of p(-5)?
2
Let h be -2 - (-2)/1 - -2. Suppose -3*d + 2 = -10, 0 = -5*q + 4*d - 21. List the prime factors of q + 5 + h + 0.
2, 3
Suppose -7*v = -2*v - 105. Suppose -v = -2*b - 2*t - 5, 4*t + 28 = b. What are the prime factors of b?
2, 3
Let v = 366 - 192. What are the prime factors of v?
2, 3, 29
Suppose f + 0*f = o, 4 = -5*f + 3*o. Let u be -10 + (0/2)/f. Let y = u + 21. What are the prime factors of y?
11
Let w be (-5)/((10/6)/(-5)). Suppose 4*r = -j + w, 5*r + j - 20 = -0*r. List the prime factors of r.
5
Let k be (-10 - -55) + 1 + 3. Let h(q) = -q**3 - 2*q**2 - 3*q - 1. Let u be h(-3). Suppose k = 4*x + u. List the prime factors of x.
2
What are the prime factors of 40/3*(-216)/(-30)?
2, 3
Let c = -8 + 8. Suppose -q - q + 4 = c. Suppose -q*s + a - 4 + 20 = 0, a = s - 9. List the prime factors of s.
7
Suppose -5*u + 3*h + 10 = 0, 4*h = 3*u + h - 12. Let x(g) = -18*g**3 - g**2 - 2*g - 1. List the prime factors of x(u).
2, 3
Suppose -2*x = u - 21, x = 3*u + 2*x - 43. Suppose -2*s - u = -95. What are the prime factors of s?
41
Let p = -143 + 93. Let x = p - -75. List the prime factors of x.
5
Suppose 2*o + 17 = r + 4*r, 3*r - 5*o = -5. Suppose -2*z + 0 + 54 = -2*s, 3*z - 79 = 2*s. Suppose 45 + z = r*l. What are the prime factors of l?
2, 7
Suppose 0 = -v + 1 + 3. Suppose 2*u + z = 3, -v*u = -u + 3*z. What are the prime factors of u?
3
Suppose -4*r - 24 = -0*r - 4*b, 2*b = -2*r + 4. List the prime factors of ((-3)/r)/((-1)/(-2)).
3
What are the prime factors of (-682)/(-8) + (-22)/88?
5, 17
Suppose -20 = 2*g - 7*g. Suppose g*m = 2*m + 12. Let f = 12 - m. What are the prime factors of f?
2, 3
Let z(b) = 2*b - 2. Let h be (-7)/(-4) - (-3)/12. What are the prime factors of z(h)?
2
Let o(a) = a + 23. Let t be o(0). Suppose 46 = 2*i - 2*u, -4*u - 9 = -i + t. What are the prime factors of i?
2, 5
Suppose -5*d - 2*n = -14, 3*n = 4*d + 6*n - 14. Let m = d + -2. What are the prime factors of (-2 - m) + -4 + 13?
7
Let k = 35 - -8. Let q(g) = -g + 4. Let d be q(4). Suppose -2*w = r - 15 - 4, d = 3*r - w - k. List the prime factors of r.
3, 5
Suppose -4*y = 3*l - 6*l + 665, 0 = -2*l - y + 447. List the prime factors of l.
223
Suppose 9*o - 24 = 8*o. List the prime factors of o.
2, 3
Let k(i) = -i - 6. Let x be k(-9). Suppose 5 = p, 2*f - x*p = 3*f - 45. List the prime factors of f.
2, 3, 5
Let z(o) = o**2 - 4*o - 1 - 1 + 0*o**2. Suppose -6*q + 15 = -3*q. What are the prime factors of z(q)?
3
What are the prime factors of ((-8)/1)/(-4 - -6) - -79?
3, 5
List the prime factors of (21/(-6) + 7)/((-1)/(-26)).
7, 13
Let z(a) = -a**2 - 8*a + 12. Let q be z(-9). Suppose -5*s = -4*s - 2. What are the prime factors of ((-26)/s)/(2 - q)?
13
Let n = -36 - -20. Suppose 3 = -4*j + j, 3*t + 4*j = -34. Let f = t - n. What are the prime factors of f?
2, 3
Suppose 5*v - 10 = -0. Let n = 6 - v. List the prime factors of n.
2
Suppose -4*q + 5*k + 175 = -0*k, -179 = -4*q + k. Let u = 69 - q. Let p = u + -15. List the prime factors of p.
3
Suppose -m - 8 = -2*m. Let t = 1 + m. What are the prime factors of t?
3
Let m = -43 - -75. Suppose -3*f = -5*j - m, 3*f - 2*j = -f + 24. List the prime factors of 1/f - 7/(-4).
2
Let h be (-1)/(1 + (-10)/12). Let y = 7 + h. What are the prime factors of 2/y*(-6)/(-4)?
3
Let s = -4 - -19. Suppose -s = -2*j + j. Suppose 3*d - j = -0*d. What are the prime factors of d?
5
What are the prime factors of (-246)/(-4) - (-1 + 1/2)?
2, 31
Suppose 0 = 4*p - 30 - 50. List the prime factors of p.
2, 5
Let m be 8 + 3/(-1) + 6. Suppose -2*j - 4 = -2*v, -j - 4*v + m + 12 = 0. List the prime factors of j.
3
Let d = 10 + -8. Let z(t) = 3*t**3 - 3*t**2 + t. List the prime factors of z(d).
2, 7
Let s(i) = i**2 + 1. Let a(h) = 2*h**2 - 11*h + 4. Let c(d) = a(d) - s(d). Let p be c(6). What are the prime factors of 3/(-2) - p/6?
3
Let z = -1 - -2. List the prime factors of (z + (-6)/3)*-19.
19
Let f = 63 - 35. What are the prime factors of f?
2, 7
Let r be 4 + -2 - (-3 - -1). Suppose 27 = r*d - 53. Suppose 5*o = -l - 14 - 1, d = -4*o. List the prime factors of l.
2, 5
List the prime factors of (-4 - (0 - -98))*(-3 + 0).
2, 3, 17
Let k(d) = -d - 5. Suppose 4*x + 0*y = 3*y - 29, -4*x + y - 31 = 0. What are the prime factors of k(x)?
3
Suppose -21 = -0*t + 3*t. What are the prime factors of (-135)/t - 6/21?
19
Let d = -3 - 0. Let s be 5 - (-1 - d)/2. Suppose -4 = 2*u - s*u. List the prime factors of u.
2
Let l(w) = -11*w + 3. List the prime factors of l(-31).
2, 43
Suppose -d = -2*d + s + 12, 3*d = -s + 24. What are the prime factors of d?
3
Suppose 5*i = -0*i + 250. What are the prime factors of i?
2, 5
Let n(b) be the third derivative of -b**5/120 - b**4/8 - b**3/3 + 2*b**2. Let j(k) be the first derivative of n(k). What are the prime factors of j(-5)?
2
Suppose 0 = -4*q + 2*q + 34. Let v = q + -7. List the prime factors of v.
2, 5
Let g be 10/(-3)*(-6)/(-4). Let t(k) = 7 + 3*k - 2 - 5*k. List the prime factors of t(g).
3, 5
Let w = 32 + -16. What are the prime factors of w?
2
Suppose -i + 53 = 2*h + 2*i, 4*h + i - 131 = 0. List the prime factors of h.
2, 17
Let u(f) = 25*f**2 + f + 5. What are the prime factors of u(4)?
409
Let l(c) = c + 6. Let p = 20 - 14. List the prime factors of l(p).
2, 3
Suppose -3*d - 9 = -78. Let b = -19 + d. List the prime factors of b.
2
Suppose 4*b = -3*v + 5*v + 34, v - 5 = 0. List the prime factors of b.
11
Suppose -w - 16 + 147 = 0. List the prime factors of w.
131
Let q = 3 + -1. Suppose 7*h - q*h - 15 = 0. List the prime factors of h.
3
Let n(b) = -15*b**3 + 2*b**2 + b. What are the prime factors of n(-2)?
2, 3, 7
Let g(r) be the third derivative of 5/12*r**4 + 0 + 0*r + 3*r**2 + 0*r**3. What are the prime factors of g(1)?
2, 5
Let g = 67 - 40. What are the prime factors of g?
3
Let h(y) = y**3 - 6*y**2 + y + 5. Let x be h(5). Let i = 8 + x. Let m = 15 + i. What are the prime factors of m?
2
Suppose -h = -l + 5, 5*l - 23 = 7*h - 3*h. Suppose -s - 8 = -l*s. Suppose s = n - 4. List the prime factors of n.
2
Suppose -4*h - 76 = 5*y, -6*y + 116 = -4*h - y. What are the prime factors of ((-18)/8)/(3/h)?
2, 3
Let z(l) = -l**3 - 12*l**2 - 18*l - 16. List the prime factors of z(-11).
61
What are the prime factors of 5*2/5 - -37?
3, 13
Suppose -9*a = -10*a + 114. What are the prime factors of a?
2, 3, 19
Let b(i) = 3*i**2 - 1. Let k(h) = h**2 - 4*h + 1. Let m be k(3). Let d be b(m). Let r = -3 + d. List the prime factors of r.
2
Let m = 43 - -2. List the prime factors of m.
3, 5
Let n = 9 + -6. Suppose -5*g + n*g = -24. List the prime factors of g.
2, 3
Suppose 0 = p - 5*p - 12. Let s(v) be the third derivative of v**6/120 + v**5/15 - v**3/3 - 7*v**2. What are the prime factors of s(p)?
7
Let r be (-90)/(-8) + (-2)/8. Let p = -8 + r. List the prime factors of 10/(p - (0 + 2)).
2, 5
Let i = -65 + 108. List the prime factors of i.
43
Suppose -5*r + 2*r = 0. List the prime factors of 2*(-15)/(-2) + r.
3, 5
Let a be -1*(-1)/(-1) - -67. Suppose 28 - a = -l. What are the prime factors of l?
2, 19
Let o = -14 + 38. Let f be (-16)/(-4)*(-1)/2. What are the prime factors of 318/o - f/(-8)?
13
Let a(p) = p**2 - 2*p + 1. Let f be a(3). Suppose 5*x = 6 + f. What are the prime factors of x?
2
Let u be 22/(1 - 2/(-2)). Suppose -u = -k - 0*k. What are the prime factors of k?
11
Let h(i) = -77*i + 4. List the prime factors of h(-1).
3
Let r = 9 - -48. What are the prime factors of r?
3, 19
Suppose 0 = -3*j + 110 + 172. Let i = j - 65. Suppose -7 = -g - s, 3*g - i + 1 = 4*s. What are the prime factors of g?
2
Suppose 0*o = o + 8. Let w = 12 - o. List the prime factors of w.
2, 5
Suppose -2*g = -0*g - 6. Suppose 2*c + g*p - 91 = -21, -4*c + 100 = -4*p. List the prime factors of c.
29
Suppose 3*w - 2*w = 11. Let s(o) = o**3 - 12*o**2 + 14*o - 4. List the prime factors of s(w).
29
List the prime factors of 2*(-10)/(-6)*198/4.
3, 5, 11
Let i = -122 - -214. List the prime factors of i.
2, 23
Let v(k) = 5*k**2 - 2*k - 2*k**2 - 4*k**3 + 3*k**3. Let i be v(2). Suppose -5*n - 20 = -5*f, 0 = 2*f + n - i*n - 17. List the prime factors of f.
7
Suppose -2*d - 3*s + 17 + 40 = 0, 3*s + 93 = 3*d. Sup